inder when 1352520 is divided by 104021.
247
Calculate the remainder when 23912260 is divided by 10307.
20
What is the remainder when 13072757 is divided by 158?
153
Calculate the remainder when 1207799 is divided by 20.
19
What is the remainder when 4787845 is divided by 17?
16
Calculate the remainder when 1539133 is divided by 256511.
67
Calculate the remainder when 1454917 is divided by 865.
852
What is the remainder when 907640 is divided by 4107?
4100
Calculate the remainder when 153904 is divided by 582.
256
Calculate the remainder when 317732 is divided by 161.
79
Calculate the remainder when 220972775 is divided by 1124.
1119
Calculate the remainder when 3931516 is divided by 491438.
12
What is the remainder when 4625471 is divided by 925087?
36
What is the remainder when 4821026 is divided by 241051?
6
What is the remainder when 6458110 is divided by 205?
200
Calculate the remainder when 46666 is divided by 5784.
394
Calculate the remainder when 2067362 is divided by 408.
26
Calculate the remainder when 1718067 is divided by 12.
3
What is the remainder when 45610 is divided by 1150?
760
Calculate the remainder when 126479 is divided by 127.
114
Calculate the remainder when 14157094 is divided by 12.
10
Calculate the remainder when 378966 is divided by 164.
126
Calculate the remainder when 4196181 is divided by 87419.
69
What is the remainder when 50337 is divided by 216?
9
What is the remainder when 51530 is divided by 25758?
14
What is the remainder when 4771809 is divided by 1372?
1365
What is the remainder when 30750457 is divided by 2020?
2017
Calculate the remainder when 61612649 is divided by 81.
80
Calculate the remainder when 5314550 is divided by 833.
10
Calculate the remainder when 213673482 is divided by 3206.
3200
Calculate the remainder when 244635 is divided by 81545.
0
What is the remainder when 15065 is divided by 214?
85
Calculate the remainder when 10858 is divided by 5005.
848
Calculate the remainder when 1942715 is divided by 5166.
299
Calculate the remainder when 2778946 is divided by 555764.
126
Calculate the remainder when 4794576 is divided by 23.
19
Calculate the remainder when 570009 is divided by 60.
9
What is the remainder when 91239747 is divided by 17?
16
What is the remainder when 5369465 is divided by 29?
28
What is the remainder when 44629184 is divided by 239?
236
Calculate the remainder when 1357255 is divided by 483.
25
What is the remainder when 1689819 is divided by 34484?
103
What is the remainder when 7627469 is divided by 15?
14
What is the remainder when 36241686 is divided by 89?
85
Calculate the remainder when 270788 is divided by 90203.
179
What is the remainder when 2857180 is divided by 332?
320
What is the remainder when 829620 is divided by 82?
26
Calculate the remainder when 61968800 is divided by 11406.
2
Calculate the remainder when 291517 is divided by 8321.
282
Calculate the remainder when 98977 is divided by 17628.
10837
What is the remainder when 5397322 is divided by 13037?
4
Calculate the remainder when 218642429 is divided by 1532.
1517
What is the remainder when 1581235 is divided by 477?
457
What is the remainder when 208681 is divided by 399?
4
What is the remainder when 8830479 is divided by 46?
43
What is the remainder when 10955567 is divided by 54?
47
What is the remainder when 287890733 is divided by 133?
130
Calculate the remainder when 9553 is divided by 8505.
1048
What is the remainder when 436395920 is divided by 7?
2
Calculate the remainder when 40015348 is divided by 13338446.
10
What is the remainder when 15837472 is divided by 1319789?
4
What is the remainder when 1239944 is divided by 22961?
50
Calculate the remainder when 40634 is divided by 82.
44
What is the remainder when 1440838 is divided by 205736?
686
What is the remainder when 3749109 is divided by 61?
49
What is the remainder when 582486 is divided by 4586?
64
What is the remainder when 120993331 is divided by 1681?
1675
What is the remainder when 131491 is divided by 1214?
379
Calculate the remainder when 15622235 is divided by 6.
5
What is the remainder when 59174049 is divided by 95?
69
What is the remainder when 67579 is divided by 27?
25
Calculate the remainder when 1180124 is divided by 131.
76
Calculate the remainder when 27258174 is divided by 88.
86
What is the remainder when 3972959 is divided by 33?
23
Calculate the remainder when 1827689 is divided by 1827680.
9
Calculate the remainder when 1651628 is divided by 1046.
1040
Calculate the remainder when 3503266 is divided by 17006.
30
Calculate the remainder when 2178975 is divided by 41.
30
Calculate the remainder when 3171687 is divided by 1585787.
113
What is the remainder when 196217 is divided by 32688?
89
What is the remainder when 2165128 is divided by 2165114?
14
Calculate the remainder when 170133 is divided by 170112.
21
What is the remainder when 297586 is divided by 167?
159
What is the remainder when 144928689 is divided by 2415478?
9
What is the remainder when 281543997 is divided by 8000?
7997
What is the remainder when 535065427 is divided by 58?
57
Calculate the remainder when 81622144 is divided by 81622139.
5
Calculate the remainder when 7991249 is divided by 27.
5
Calculate the remainder when 126127692 is divided by 4126.
4124
Calculate the remainder when 626802 is divided by 38.
30
Calculate the remainder when 133283850 is divided by 313.
312
Calculate the remainder when 254694787 is divided by 12493.
12489
Calculate the remainder when 49885 is divided by 12353.
473
Calculate the remainder when 22216377 is divided by 3173767.
8
What is the remainder when 103924 is divided by 49668?
4588
What is the remainder when 8945116 is divided by 14?
12
Calculate the remainder when 5401610 is divided by 16.
10
What is the remainder when 224129 is divided by 1375?
4
What is the remainder when 4718563 is divided by 57?
46
What is the remainder when 935340 is divided by 3340?
140
What is the remainder when 21841 is divided by 2727?
25
Calculate the remainder when 1344569 is divided by 524.
509
Calculate the remainder when 5857739 is divided by 210.
209
Calculate the remainder when 1934541 is divided by 966778.
985
What is the remainder when 8956148 is divided by 350?
348
Calculate the remainder when 797280 is divided by 6371.
905
Calculate the remainder when 965227 is divided by 321726.
49
What is the remainder when 83253372 is divided by 20?
12
Calculate the remainder when 212315 is divided by 1136.
1019
Calculate the remainder when 17553920 is divided by 21.
20
What is the remainder when 55622611 is divided by 125?
111
What is the remainder when 605863 is divided by 1687?
230
Calculate the remainder when 670909 is divided by 5783.
81
Calculate the remainder when 403599 is divided by 28597.
3241
What is the remainder when 1077208 is divided by 2589?
184
What is the remainder when 116017 is divided by 4828?
145
What is the remainder when 10457941 is divided by 41?
30
Calculate the remainder when 2125684 is divided by 991.
980
Calculate the remainder when 4060256 is divided by 275.
156
What is the remainder when 11599062 is divided by 163367?
5
Calculate the remainder when 49240 is divided by 46632.
2608
Calculate the remainder when 457770 is divided by 319.
5
Calculate the remainder when 490427 is divided by 2052.
2051
What is the remainder when 18333111 is divided by 16?
7
What is the remainder when 1812028 is divided by 94?
84
Calculate the remainder when 208157112 is divided by 685.
682
Calculate the remainder when 3522749 is divided by 21.
20
What is the remainder when 727703 is divided by 363851?
1
What is the remainder when 915364 is divided by 2227?
67
Calculate the remainder when 38434034 is divided by 303.
302
Calculate the remainder when 46623493 is divided by 15.
13
What is the remainder when 3192429 is divided by 242?
207
What is the remainder when 25839 is divided by 4262?
267
Calculate the remainder when 99978214 is divided by 11430.
4
Calculate the remainder when 51992 is divided by 51933.
59
Calculate the remainder when 612653 is divided by 122510.
103
Calculate the remainder when 8448411 is divided by 496963.
40
Calculate the remainder when 55844 is divided by 1121.
915
What is the remainder when 9076573 is divid